e -2*c - 12 = 2*c, 1262 = r*w + c. Is w a composite number?
True
Suppose -27282 = -13*m + 7*m. Is m composite?
False
Suppose u + 34 - 39 = 0. Suppose u*p - 1447 = 5*t + 5288, -6703 = -5*p - 3*t. Is p composite?
True
Suppose 0 = 5*f - 10, 0 = -4*w - 5*f - 5 + 187. Suppose -3*i + 41 + w = y, 3*i + 381 = 4*y. Is y a prime number?
False
Suppose w - 14*q = -16*q + 1893, 0 = -w + 4*q + 1893. Is w a prime number?
False
Suppose -4488 = -2*q - 3*p + 120, 4*q + 5*p = 9218. Is q prime?
False
Suppose 11050 = 2*t - 2*v + 802, 0 = -2*t + 5*v + 10233. Is t composite?
True
Let b be 2 + 12/(-3) - -2. Suppose b = -4*j - j + 60. Let f = j - 10. Is f prime?
True
Suppose 4*d - 42 = -3*d. Suppose -d*f + 6698 - 2276 = 0. Is f composite?
True
Suppose -1188 = -5*w + 3257. Is w composite?
True
Let s(p) = p**3 - 7*p**2 + 3. Let d be s(7). Suppose l + 92 = 5*t, -d*t = l + 58 + 26. Let b = 584 - l. Is b composite?
True
Suppose 66*r = 62*r + 40. Let p(d) = 13*d**2 - 5*d + 9. Is p(r) prime?
True
Suppose 4*q = 3*f - 53299, -5*f + 3*q + 88840 = -2*q. Is f prime?
False
Suppose 5*u = 4*n - 7, 2*u = 4*u + 3*n - 11. Let o = u + 4. Let h(l) = 4*l**3 + 4*l**2 + 7*l - 4. Is h(o) composite?
False
Let i = 2 - -4. Let a(h) = 4*h - 5. Is a(i) prime?
True
Suppose -2 = 5*b - 7, 0 = -2*v - 5*b - 163. Let j = v + 142. Is j a prime number?
False
Suppose 4*l - 14631 + 1452 = -j, 1 = -j. Is l a composite number?
True
Let r(w) = 52*w**2 + 2*w + 13. Let z be 4 + (-1)/((-4)/8) + -3. Is r(z) composite?
False
Suppose -4*s + 3*t - 8853 = 4*t, 2*s + 2*t = -4422. Let v = 3427 + s. Is v a prime number?
True
Let f = 13189 - 8358. Is f prime?
True
Let k(q) = q + 20. Suppose 14 = -3*a + 5*g, 3*g = 3*a + 17 + 7. Is k(a) a composite number?
False
Is 1404 - (8 + 24/(-8)) prime?
True
Suppose -4*s - 50 = -5*a, -2*a + 5*s + 0 + 37 = 0. Let g be 1/((-2)/a*-3). Is (-78)/12*g*-22 composite?
True
Let d = 4 - 4. Let f(c) = c - 6. Let l be f(d). Let v(b) = 2*b**2 + 6*b + 1. Is v(l) composite?
False
Suppose 4*o - o = -4*t + 15, o = 5*t + 5. Let x(n) = 19*n**3 + 5*n**2 - 11*n - 4. Is x(o) composite?
False
Let p = -3560 + 36027. Is p a prime number?
True
Let h(s) = -2*s**2 - 5*s - 27. Let v(o) = o**2 + 4*o + 26. Let g(y) = 3*h(y) + 4*v(y). Let f(q) = -q**2 + 6*q - 5. Let z be f(5). Is g(z) a prime number?
True
Suppose 8*z - 17244 - 6268 = 0. Is z composite?
False
Let n(s) = 450*s**2 - 2*s - 19. Let y = 84 - 87. Is n(y) composite?
True
Let m(v) = 136*v**2 - 20*v + 25. Is m(-19) a composite number?
True
Let a(u) = -u**2 - 12*u - 26. Let s be a(-8). Is 3 + -47*(-2 - s) prime?
True
Suppose 3*h + 5 = 5*k, -9*k = 4*h - 4*k + 30. Let f(p) be the first derivative of -p**4/4 - p**3/3 + 3*p**2 + p - 10. Is f(h) a prime number?
True
Let a(l) = 2*l**3 - 39*l**2 + 3*l + 23. Is a(36) composite?
False
Let u = -13 - -20. Is 1338/u + (-3)/21 a prime number?
True
Let p(l) = l**2 + 10*l. Let m be p(-10). Let i be -2*(3 + m - -65). Let j = i + 267. Is j prime?
True
Suppose -2 = -5*h + 13. Let z = 46 - 36. Is 920/h + z/30 a composite number?
False
Suppose -128*a = -124*a - 5044. Is a a composite number?
True
Is (-318832)/(-32) + (-28)/(-8) prime?
True
Suppose 5*y + 15 = 0, 3*y - y - 24 = -5*g. Let w(z) = -5*z - 2. Let d be w(g). Is ((-254)/(-4))/((-8)/d) a composite number?
True
Let s = 5458 + -185. Is s composite?
False
Let l be -1 - 4/(8/(-16686)). Suppose 6*m - l = 27418. Is 8/(-10)*m/(-16) a composite number?
True
Let k = -25 + 27. Suppose d + 2*w = 1, -3*d - 7*w + 4 = -k*w. Suppose -1767 = -6*t + d*t. Is t prime?
False
Let v = -160 + 8069. Is v a prime number?
False
Suppose 13*i - 48519 = 55208. Is i a prime number?
False
Let x be -1 + 574 - (3 - 2). Let t = 460 + -781. Let f = t + x. Is f a prime number?
True
Let q(j) = -6*j - 13. Let x be q(-4). Suppose -x*a + 2592 - 249 = 0. Is a prime?
False
Suppose -4*z - z = 5*p + 385, 0 = p - 2*z + 65. Let d(k) = -77*k - 2. Let m be d(-2). Let q = m + p. Is q a prime number?
True
Suppose 0 = 4*b + 2*p - 126260, 0 = -2*b + 2*p + 2*p + 63150. Is b prime?
True
Let s(x) be the second derivative of -352*x**3/3 + 57*x**2/2 + 21*x. Is s(-7) a prime number?
False
Suppose -3*f - 280 - 1034 = 0. Let u = -275 - f. Is u prime?
True
Suppose 31 = 3*i - 2690. Suppose 2*h - i = h. Is h composite?
False
Suppose 20 = -4*b - b. Is (-886)/b*(-6)/(-3) prime?
True
Suppose 6*z - z = b - 12636, 4*z = 2*b - 10104. Let l = 2717 - z. Is l a composite number?
True
Let v be 26/10 + (-2)/(-5). Let i = 12 + -18. Is (127/v)/(i/(-18)) prime?
True
Let l = -6019 + 10362. Is l a prime number?
False
Let f = 1854 + 2335. Is f a composite number?
True
Let s(g) = 7*g**2 - 2*g + 9. Let t be s(-4). Let j be 4/18 - t/(-27). Suppose -j*i + 96 + 79 = 0. Is i a prime number?
False
Suppose -2*o = j - 4*j, 4*j - 5 = o. Let g = -5 - o. Is (-1966)/(-18) + g/36 prime?
True
Suppose 0 = 5*l - 22 + 2. Suppose -5*u + 2391 = 2*b + b, u - 469 = l*b. Suppose 6*p - 2*s = 3*p + u, 4*p - 5*s - 643 = 0. Is p a composite number?
False
Let l = 923 - -348. Is l composite?
True
Suppose 0 = -4*w - 5*x + 22, 0 = -w - 3*x - 2*x - 2. Let r(i) = i**2 - 7*i - 5. Let b be r(w). Suppose 30 = 5*y + 4*q, y = 3*y - b*q - 35. Is y composite?
True
Suppose 41*z + 154075 = 904498. Is z composite?
True
Let v(q) = q**2 - 27*q + 39. Let b be v(26). Suppose -b*w + 2418 = -1729. Is w prime?
False
Suppose 5*m + 2*q = m + 3660, 3*q + 901 = m. Is m prime?
False
Let n(h) = -2*h**3 + 7*h**2 - 2*h + 4. Let i be n(-6). Suppose o - 177 = i. Is o prime?
True
Suppose -v = -3, 2*c - 4897 - 300 = 3*v. Is c a prime number?
False
Let y be (-2)/8 - (-3387)/12. Suppose -18*x + 14*x = -52. Let d = x + y. Is d a composite number?
True
Let o(f) = f**3 - 7*f**2 + 11*f - 24. Let k be o(6). Let t be 5*-1 - 3/(-3). Is (-1510)/t + 9/k composite?
False
Let a = 0 - 0. Let f = a - 0. Suppose -4*u + 124 + 192 = f. Is u composite?
False
Is -4*(-12)/(-16) + 452 prime?
True
Suppose -p - c = -428 - 4263, 0 = 3*p + c - 14073. Is p a composite number?
False
Let k = -57 + 57. Suppose -3*g - 12 = -3*u - k, 2*u + 5*g = -6. Is u prime?
True
Is 2*(-9)/(36/(-10222)) a prime number?
False
Let p = -36 - -153. Suppose -r + 104 = -p. Is r composite?
True
Let o(v) = -3*v - 8. Let g be o(-4). Suppose -z = -5*t + 23, 4*t - 2*z + 19 = 7*t. Suppose 1461 = 3*n + g*u, t*u - 4*u = n - 487. Is n prime?
True
Suppose 110*t = 116*t - 23406. Is t composite?
True
Suppose -16*c + 6140 = 4*c. Is c prime?
True
Suppose 6*d - 9297 = 6627. Is d a prime number?
False
Let s(o) = o**3 + 15*o**2 + 15*o + 16. Let c(b) = 5*b - 6 + 2*b - 6*b. Let f be c(-5). Is s(f) prime?
False
Suppose 0 = 5*y + 2*h - 118706, y - h - 30800 = -7056. Is y/22 + 8/(-44) a prime number?
False
Let q(d) = 8*d**2 - 6*d - 1. Let j be q(-5). Suppose 0 = a - 5*a - i + 17, 2*a + 5*i - 13 = 0. Suppose -1999 = -a*r + j. Is r a composite number?
False
Is 1/(-7)*(-94915 - -44) composite?
False
Let b(j) = -228*j**3 - 3*j**2 - 9*j - 11. Is b(-3) a composite number?
True
Suppose -4*s + 1537 = -1959. Suppose 2*o + s = 2444. Is o composite?
True
Let b be ((-14)/(-21))/(1/9). Let l = -4 + b. Is 261 + l + 0/3 composite?
False
Is -6 + 37555/15 - (-20)/(-30) prime?
False
Let k be (-3)/((-22)/(-28) + -1). Suppose x - g = -5, 2*x + 2*x - g = -k. Is (-3 - (x + 3))*-5 prime?
False
Is (-1)/((-1)/9024) - (-140 - -133) prime?
False
Suppose -3*j = 2*j - 2*m - 21, 0 = -4*m - 12. Suppose -j*g = 2*g - 635. Is g prime?
True
Suppose 5 - 1 = w. Let r(x) = 40*x + 3. Let h(u) = 1. Let f(n) = w*h(n) + r(n). Is f(7) composite?
True
Let o = -12867 + 19646. Is o composite?
False
Let a = 1586 - 883. Is a composite?
True
Let d = -18 + 30. Suppose 0*k - 4*k = -d. Suppose k*r + r - 49 = 3*h, -13 = -r + h. Is r a prime number?
False
Suppose 4 = -4*p + 12. Suppose -z = x + 3*z - 99, -x + p*z + 117 = 0. Is x a composite number?
True
Suppose 0 = -4*n + 1714 + 1278. Suppose -139 = -j + n. Is j a prime number?
True
Is 2162 - ((-4)/14 + 161/49) prime?
False
Let o be (-1)/(6/9 - 1). Suppose -3*r - 63 = -3*q, -o - 5 = -4*r. Let p = q + -1. Is p prime?
False
Let d(o) = -2*o**3 - 17*o**2 + 9*o. Let h be d(-9). Suppose h = -18*w + 29*w - 3223. Is w a composite number?
False
Let c(d) = d + 12. Let p be c(-16). Let n be (-10)/p - (-6)/12. Suppose 5*h + 3*r = 2053, 4*h - 1877 = -n*r - 237. Is h composite?
True
Let h(a) = 2